p). Give u(f).
-4
Let o be 2*(-3)/(-2) + -9. Let q(x) be the third derivative of x**5/60 + 5*x**4/24 + 64*x**2. Determine q(o).
6
Suppose 6*f = 2*f + 16. Let h(i) = -1. Let a(n) = 22*n + 22. Let p(q) = 7*q + 7. Let t(l) = 5*a(l) - 16*p(l). Let r(y) = 5*h(y) - t(y). What is r(f)?
5
Let t(o) = -o**3 + 7*o**2 - 6*o + 7. Let p = -3 + -1. Let k be 2 + (-100)/(5 + p). Let q be (-40)/(-7) - 28/k. Calculate t(q).
7
Let n be (5 + -5)*(-1)/(-4). Suppose n = 2*k + 1 - 5. Let h(w) = 2*w - 2. Determine h(k).
2
Let i(o) = -o**3 + o**2 - 2*o + 3. Let x be i(2). Let c(d) = d**3 + 5*d**2 + 2*d + 8. Let a be c(x). Let q(r) = r**2 + r - 1. Determine q(a).
1
Let a(k) = -k**3 - 5*k**2 + 6*k - 7. Suppose h + 121 = 5*d, d - 15 - 13 = 4*h. Let n = d - 30. Give a(n).
-7
Let h = 309 + -310. Let o(m) = 16*m**2 + 3*m - 3. Let j(t) be the third derivative of -t**5/60 - t**4/24 + t**3/6 - t**2. Let v(f) = 3*j(f) + o(f). Give v(h).
13
Let x(f) = 6*f - 8. Let p(z) = -1. Let o(u) = -8*p(u) + x(u). Let k be (-52)/(-39)*(-3)/2. Let t(b) = -b**3 - 2*b**2 - 2. Let h be t(k). Calculate o(h).
-12
Let j(y) = -50 - y**3 + 99 - 45 - 5*y**2 - 9*y - 3*y**2. Calculate j(-7).
18
Let z(g) = g**3 + 7*g**2 - 11*g + 1. Let x be (16/3)/(2/(-3)). Calculate z(x).
25
Suppose -t + 2 = -2*t, -2*h = -3*t + 48. Let d be -4 - h/(-3 + 6). Let a(r) = r**2 - 4*r - 1. Calculate a(d).
4
Let b(g) be the third derivative of g**6/120 - 7*g**5/60 + 5*g**4/24 + g**3/3 - g**2. Suppose -582 = 320*o - 2502. Give b(o).
-4
Let r(d) = -d**2 - 4 + 2*d + 3 + 5. Let m be r(4). Let x(w) = -w**2 - 3*w. Calculate x(m).
-4
Let y(i) = i**3 + 3*i - 3*i**2 + i**2 - i - 2*i**2 - 5. Let d(b) = 4*b. Let h be ((-6)/(-36)*2)/((-1)/(-3)). Let v be d(h). What is y(v)?
3
Let r be (-255)/(-45) - 1/(-3). Suppose -1 = o + r. Let j(t) = -2 + 0 + t + 5. Calculate j(o).
-4
Let z = -1/180 + 1/72. Let l(i) be the third derivative of 1/60*i**5 + 5*i**2 + 0 + 0*i + 0*i**3 + 1/12*i**4 - z*i**6. What is l(3)?
-12
Let p(y) be the second derivative of 7/12*y**4 - 1/20*y**5 - 1/3*y**3 - 4*y**2 + 9*y + 0. Give p(6).
16
Let y(i) = -i**2 + 4*i + 1. Let b be 40/(-16)*(-6)/5. Suppose -3*z + 5 = -g - 4, -z = -b*g - 11. Let f be (g - -6)*(-5)/(-3). Calculate y(f).
-4
Let w(r) = -7*r - 5. Let v(f) = -f**2 - 18*f + 46. Let k be v(-20). Let z(j) = -4*j - 3. Let y(h) = k*w(h) - 11*z(h). What is y(-6)?
-9
Let p(c) = c**3 - 18*c + 1. Let z(r) = 2*r**3 - r**2 - 32*r. Let k(d) = 5*p(d) - 3*z(d). Give k(4).
13
Let w(l) = -4*l - 17. Let b(h) = 17*h + 76. Let c(d) = -2*b(d) - 9*w(d). Suppose 0 = -3*a + 2*a - 5. Give c(a).
-9
Let a be (-2)/(-7) - 38/(-14). Let c(q) = -a - 2 - 2*q**2 + 5*q + 1. Suppose 4*v - o - 27 = -19, 5*v + 3*o = 27. What is c(v)?
-7
Let k(r) = -16*r**2 - 12*r - 12. Let p(h) = -7*h**2 - 6*h - 6. Let a(u) = -4*k(u) + 9*p(u). Let s(x) = 7*x**2 - 3*x + 2. Let d be s(1). Calculate a(d).
-6
Let g(s) be the third derivative of s**7/1260 - s**6/720 - s**5/120 + s**4/2 - 14*s**2. Let m(u) be the second derivative of g(u). What is m(-1)?
2
Let l(m) = m**2 + 4. Let y be l(0). Let j(p) = 8*p - 2*p - p**2 - 11 + y*p. Calculate j(8).
5
Let s(g) = g**3 + g**2 - 3*g - 1. Suppose h - 5*c = -22, -5*c - 11 = -36. Let p be 12/(-8)*4/h. What is s(p)?
1
Let k(g) be the third derivative of g**4/12 - g**3/6 + g**2. Suppose 2*l - 7*l = -5*d + 20, 0 = -d - 1. Let c be l*(-3 + (-34)/(-10)). Calculate k(c).
-5
Let h(v) = 3*v**2 - 77*v + 179. Let p be h(23). Let k(t) = t - 2*t + 2*t + 3. Calculate k(p).
-2
Suppose 0 = -4*f - 8*a + 3*a + 32, 31 = 5*f + 4*a. Suppose -4*y = f*g - 1, 2*g + 3*g + 21 = -y. Let s = -10 - g. Let v(l) = -l**2 - 7*l - 3. What is v(s)?
7
Let c(o) be the first derivative of 1/3*o**3 - 4 + 7/2*o**2 + 4*o. Suppose -12 = 4*a + g, 3*a + 0*a = 5*g - 32. Give c(a).
-8
Suppose -2*h - 2*u = 8, -6*h + 4*h - 4 = 4*u. Let m(n) be the third derivative of 0 + 0*n**3 + n**2 + 1/24*n**4 + 0*n. Give m(h).
-6
Let l(s) = s**3 - s - 9. Let c be 6 + -1 + 1 + -6. Give l(c).
-9
Let n(f) = f**3 + 2*f**2 - 2*f + 1. Let r be 1/5 + (-59)/(-5). Let p = r + -8. Let o be 7/4 + (-3)/p. What is n(o)?
2
Let x(d) = -35*d + 172. Let z be x(5). Let n(b) = 2*b + 4. What is n(z)?
-2
Let v(u) = u - 3. Let z be 9/18 - 8/(-16). Give v(z).
-2
Let h(q) = -3*q + 3 + 6*q - q**2 - 2*q + 4*q. Suppose 0 = 5*c - 16 + 1. What is h(c)?
9
Let s(c) be the first derivative of c**3/3 + c**2/2 + 5*c - 2. Let q be (-6 - 1) + (-1 - -8). What is s(q)?
5
Let x(p) = 2*p**2 + 17*p + 2. Let s = 230 + -238. Calculate x(s).
-6
Let n(r) = -r**3 - 27*r**2 - 3*r + 25. Let h(f) = 3*f**3 + 55*f**2 + 7*f - 49. Let d(t) = -2*h(t) - 5*n(t). Give d(25).
-2
Suppose -3*b - 172 = -5*j, 2*b + 2*b = -4*j + 144. Let c = 40 - j. Let f(d) = -d + 1. Determine f(c).
-4
Let v(r) = r**2 + 6*r - 9. Let b(c) = -3*c**2 - 17*c + 26. Let h(y) = 4*b(y) + 11*v(y). Let j(z) = -z - 1. Let u(m) = -h(m) + 3*j(m). Determine u(0).
-8
Let y(k) be the first derivative of -7 - k - 5*k**2 + 1/3*k**3. Calculate y(10).
-1
Let v(i) = 7*i**2 + 13*i + 9. Let u(p) = 9*p**2 + 13*p + 11. Let q(k) = 4*u(k) - 5*v(k). Calculate q(11).
-23
Let s(l) = l**2 + 3 - 41*l + 35*l - 2*l**2. Determine s(-7).
-4
Let f be 17 - 0 - (0 - 2). Suppose -5*a - f = 2*z, 2*a - z + 2 = z. Let n be (-11)/a - 6/9. Let w(g) = 2*g - 2. Determine w(n).
4
Let j(s) = 12*s. Let l be ((-40)/60)/((8/(-6))/(-2)). Determine j(l).
-12
Suppose 20*w + 12 = 18*w. Let d(p) be the first derivative of -p**4/4 - 7*p**3/3 - 3*p**2 + 5*p + 9. Give d(w).
5
Let m be 42/4 - (-3)/(-2). Let d = 10 - m. Suppose -3*n = -5*p, n - d = 4*p + 6. Let i(y) = y**2 + 7*y + 7. Give i(n).
-3
Let m(o) = -o - 4. Suppose -3*p = 3, 5*g - 3*p - 11 = 4*g. Let k be -6 - (18/15)/(g/(-20)). Calculate m(k).
-1
Let s(g) be the third derivative of -g**6/60 + g**5/20 - g**4/12 + g**3/3 + 849*g**2. Suppose -j + 0*n + 2 = 4*n, n = 0. Give s(j).
-6
Let n = 1 - -6. Let j(w) be the third derivative of 1/3*w**3 - 1/12*w**4 + 0*w + 0 + 41*w**2. Calculate j(n).
-12
Let j(x) be the first derivative of 35 - 8*x - 2*x**3 + 1/4*x**4 + 1/2*x**2. Determine j(6).
-2
Let n(s) = 7*s**2 - 5*s**2 - s + 6*s**2. Let j = 1743 - 1742. What is n(j)?
7
Let j(v) = 15*v**2 + v. Suppose 4*s + 52 = 2*s + 4*a, -5*s = 3*a + 169. Let h = -28 - s. Suppose 2*t + t + h*x + 17 = 0, x + 6 = t. Calculate j(t).
16
Let l(o) = o**2 - 5*o + 7. Suppose -5 = -7*r + 247. Suppose 2*g - r = -5*y, -2*y - 5*g = -9*g. Determine l(y).
13
Let i(v) = 5. Let s(o) = o + 5. Let h be 4 + 3*-13 + 4. Let b = h + 34. Let m(j) = b*i(j) - 2*s(j). Determine m(4).
-3
Let r(p) be the second derivative of 1/12*p**4 + 0 + p**2 - 1/20*p**5 + 0*p**3 + 2*p. Suppose q = 2*q - 3*q. Determine r(q).
2
Let i(n) = 5*n + 3. Let v(y) = -2*y**3 + y**2 - 3*y + 2. Let r be v(-2). Let u = r - 31. What is i(u)?
-12
Let o(m) = 4*m**2 + 4*m**3 - 7 - 7*m**2 - 3*m**2 + 3 - 3*m**3. Determine o(6).
-4
Suppose -16 = 2*y + 4*o - 2*o, -4*y + 3*o + 3 = 0. Let b be (5/(-5))/(y/15). Let p(i) = i**2 - 5*i + 1. What is p(b)?
1
Let z(v) be the second derivative of v**5/20 + v**4/2 - v**3/6 + 3*v**2/2 + 725*v. Calculate z(-6).
9
Let c(n) be the third derivative of -n**6/120 - n**5/30 + n**4/6 + n**3/2 - 8*n**2. Give c(-3).
0
Let g(q) be the second derivative of -13/12*q**4 + 0*q**2 + 0 - 51*q + 1/6*q**3. Calculate g(1).
-12
Let m(z) = 2*z + 3. Let x be m(0). Let l be (2/x)/(20/(-150)). Let r(o) = -2*o - 7. Calculate r(l).
3
Let m = -20 + 24. Let k be (-16)/m*1 - -5. Suppose 4*p - 5 + k = 0. Let i(d) = 11*d**3 - 2*d**2 + d. Give i(p).
10
Let g = -531 + 526. Let l(s) = 23*s + 4. Let a(i) = -8*i - 1. Let y(p) = 5*p**2 - 3*p + 3. Let z be y(2). Let t(b) = z*a(b) + 6*l(b). What is t(g)?
-3
Let b(q) = 5*q**2 + 2*q - 1. Suppose 71 + 19 = 30*d. Give b(d).
50
Let y(x) = 39*x**3 - 13*x**2 + 2*x + 17. Let m(d) = -5*d**3 + d**2 - 1. Let g(r) = 8*m(r) + y(r). What is g(-6)?
33
Let r(b) = 1 + 29*b**2 + b**3 - 11*b**2 - 17*b**2 - b + 0*b. Calculate r(-3).
-14
Let b(j) = -12 - 19*j**2 + 3*j**3 + j**3 + j**3 + 28*j**2 - 4*j**3. Calculate b(-9).
-12
Let t(g) = 2*g + 34. Let z = 339 - 354. Determine t(z).
4
Let w = -35 + 51. Suppose -w = 19*b - 21*b. Let g(u) = -u + 4. What is g(b)?
-4
Let l be -1 - (-4)/(-2) - 0. Let j(w) be the first derivative of w**4/12 - 3*w**2/2 - 2*w + 9. Let h(b) be the first derivative of j(b). What is h(l)?
6
Let b(s) be